 h(g) = 11*g + 6. Calculate the remainder when h(3) is divided by 7.
4
Suppose -15*b = -17*b - 6. Let h = 77 + b. What is the remainder when h is divided by 2/((-28)/(-26) + -1)?
22
Calculate the remainder when (-138)/((24/84)/(2/(-14))) is divided by 48/14*(-70)/(-10).
21
Let p = -38 - -41. Suppose -p*f + 8*f - 515 = 0. Let a = f - 8. What is the remainder when a is divided by 32?
31
Suppose 0 = -4*h - 7 + 187. Calculate the remainder when h is divided by 11.
1
Let b be (5 - 1) + -5 + 3. Suppose -45 = -202*c + 193*c. Suppose d + 6 = c*f, -2*f + 0*f - 20 = -b*d. What is the remainder when 25 is divided by d?
11
Let x be (0 + -2)/(12/246). Let t = 52 + x. Calculate the remainder when 32 is divided by t.
10
Suppose -n - 33 = -2*b + 2*n, -55 = -4*b - 5*n. Let i = 149 - 92. What is the remainder when i is divided by b?
12
Suppose 0 = -42*o + 2509 - 577. What is the remainder when 127 is divided by o?
35
Let d(l) = 3*l + 23. Calculate the remainder when d(10) is divided by 11.
9
Let p = -2104 - -2137. What is the remainder when 44 is divided by p?
11
Let q(t) = -8*t + 511. What is the remainder when q(0) is divided by 27?
25
Let b be 1 + (1 - 2)/((-3)/(-3)). Calculate the remainder when 52 is divided by 4/6 + b - 155/(-15).
8
Let l be (-452)/(-24) - 1/(-6). Let a = 13 - 10. Suppose -2*x + l = -3*b, a*x - 6*x + 56 = b. Calculate the remainder when x is divided by 6.
5
Suppose 5*t = 9*t - 12. Suppose 11*a - 240 = -13*a. Calculate the remainder when a is divided by t.
1
Suppose -383 = -5*q + 2*q - r, -510 = -4*q - 2*r. Calculate the remainder when q is divided by 10.
8
Suppose 9*f = 48 + 6. What is the remainder when 25 is divided by f + -2 + -7 - -17?
11
Let h(g) = g**2 - 36*g + 2. What is the remainder when h(37) is divided by 21?
18
What is the remainder when -102*2*(-2)/4 is divided by 932/44 + (-8)/44?
18
Let d(r) = -2*r**3 + 28*r**2 - 23*r - 10. Suppose a + 6*l - l - 5 = 0, -3*l + 69 = 5*a. Calculate the remainder when d(13) is divided by a.
14
Suppose -3*j - 35 - 31 = -4*r, -2*r + 44 = 4*j. Let h = r - 4. Calculate the remainder when 67 is divided by h.
11
What is the remainder when 266 is divided by -12 - (-56)/14 - -20?
2
Suppose -26 - 98 = -2*p. Suppose 0 = 2*y + 3*k - 44 - p, 2*y - k = 106. Calculate the remainder when y is divided by 19.
15
Suppose 8 = 5*o - 17. Let a = 9 - o. Calculate the remainder when 27 - (a + (-1 - 2)) is divided by 7.
5
Let m(u) = 21*u**2 + 46*u + 49. What is the remainder when m(-3) is divided by 5/((-5)/(-22)) - 1?
16
Let d(b) = 2*b - 1. Let s = 26 - 18. Calculate the remainder when 8/36 + 2555/45 is divided by d(s).
12
Let o(i) be the first derivative of -i**2/2 + 17*i - 14. What is the remainder when 42 is divided by o(6)?
9
Let n(f) = -2*f**3 - f**2 + f + 20. Let c be (-12)/20 + (-12)/(-20). What is the remainder when 4/(-14) + (-555)/(-7) is divided by n(c)?
19
Let c be (-3 + 4)/(2/14). Let k = 10 - c. Suppose k*n - 24 = -n. What is the remainder when n is divided by 3?
0
Let y = -8 - -10. Let o(a) = -5*a + y + 1 - 4 - a**2. Calculate the remainder when 4 is divided by o(-4).
1
Let a = 7 - 2. Calculate the remainder when a is divided by (-1)/5*-5 + 2.
2
Let h = -142 - -284. Let t = -43 - -79. What is the remainder when h is divided by t?
34
Let u = -29 - -35. Suppose u = -2*z - z. What is the remainder when 24 is divided by z/3 + 164/12?
11
Let y(v) = 2*v**3 + 35*v**2 + 19*v + 42. What is the remainder when 23 is divided by y(-17)?
7
Let x = 122 + -101. Calculate the remainder when 77 is divided by x.
14
Suppose 8*r = 9*r. Suppose -3*u + 6*u - 48 = r. What is the remainder when u is divided by 7?
2
Let o(u) = 2*u**2 + 11*u - 2. Calculate the remainder when 189 is divided by o(-7).
18
Suppose 0 = 3*v + 32*v - 4480. What is the remainder when v is divided by 2/(-2) + 88/2?
42
Suppose 10*f = 1099 + 921. What is the remainder when f is divided by 52?
46
Suppose 3*p = 5*h + 37, -2*h + 35 = 5*p - 5*h. Suppose -p*o - 30 = o. Let z = 18 - o. What is the remainder when 45 is divided by z?
21
Suppose 4*l - 798 - 338 = 0. What is the remainder when l is divided by 7?
4
Suppose -3*o = -4*u - 287, 0 = -u - 2*o - 44 - 14. Let i = 119 + u. What is the remainder when i is divided by 13?
12
Suppose t + i = -2*i + 29, -6 = -2*i. What is the remainder when 78 is divided by t?
18
Let b = -37 + 40. Suppose -b*d = -28 - 53. What is the remainder when d is divided by 10?
7
Suppose -4*q + 95 = 3*r - 4, -4*r - 22 = -2*q. Let z = 193 + -111. What is the remainder when z is divided by q?
19
Let m(n) = -n**3 - 5*n**2 + n - 26. Calculate the remainder when 61/9 + (-8)/(-36) is divided by m(-6).
3
Let l be (-76)/(-2) + -3 - -1. Suppose 96 = 3*v + l. Suppose -258 - 15 = -7*o. What is the remainder when o is divided by v?
19
Let d be (-3)/(-1)*(-4)/(-6). Let n be 1/d - (-49)/14. Suppose -2*u - 2*u + 136 = n*g, 5*g + 154 = 4*u. What is the remainder when u is divided by 19?
17
Let w = -12 - -21. Suppose -4*o = 5*h - 79, 0*h = o - 2*h - 10. What is the remainder when o is divided by w?
7
Suppose -2*o = 5*t - 21, -o + 2*t + 44 = 11. Let k = -46 + 44. Calculate the remainder when (8 - -1)/(38/(-20) - k) is divided by o.
21
Suppose 3*j = -j + 24. Let o be (-6)/(-9) - (-104)/j. Let a = o + -13. Calculate the remainder when a is divided by 2.
1
Suppose 3*d + a - 413 = 0, -8*d + 679 = -3*d - 3*a. Calculate the remainder when d is divided by 35.
32
Suppose -1210 = -88*b + 66*b. Calculate the remainder when 378 is divided by b.
48
Let i be (-2 + 0 + 2)*(-2)/(-4). Suppose -5*x + 53 + 120 = 4*z, i = -4*z - 3*x + 171. What is the remainder when z is divided by 12?
6
Suppose -w + 182 = 171. Let p(k) = -5*k - 9. Calculate the remainder when p(-6) is divided by w.
10
Suppose -h - 9 = -0*h. Let q = -72 - -88. Calculate the remainder when (-8)/(-36) - 421/h is divided by q.
15
Let s = -25 + 25. Suppose 0*c + 2*c = y - 41, s = -y + 5*c + 50. Calculate the remainder when y is divided by 9.
8
Suppose d + 1 = 2*d. Suppose 0 = -2*o - 1 + 5. Let y = d + o. What is the remainder when 8 is divided by y?
2
Let j(n) = n**2 + 21*n + 38. Calculate the remainder when j(-26) is divided by 34.
32
Let i(w) = 32*w + 1. Suppose 2*p + 5*s + 102 = 0, -2*s - 3*s = -3*p - 153. Let h = -34 - p. Calculate the remainder when i(1) is divided by h.
16
What is the remainder when ((-8)/28)/(2*6/(-1932)) is divided by ((-8)/(-10))/((-2)/(-30))?
10
Let d = 82 + -75. What is the remainder when 77 is divided by (-80)/(-32)*(d - -1)?
17
Suppose -4*o = 3 - 23. Suppose -3*u + 3*q = 2*q - 44, o*u - 4*q = 85. Calculate the remainder when 36 is divided by u.
10
Suppose 144 = -11*g + 12*g. Calculate the remainder when g is divided by 37.
33
Suppose 2*u - 2*b = 2 + 2, 2*b = 0. Suppose 0 = u*r + j - 26, r - 4*j = -2*r + 61. What is the remainder when 27 is divided by r?
12
Let d(o) = -9*o - 7. Let p(v) = 2 + 5*v - v - 3*v. What is the remainder when p(5) is divided by d(-1)?
1
Suppose -210 = t + 4*t. Let m = 66 + t. Suppose -i + 18 = -53. What is the remainder when i is divided by m?
23
Let z(a) = 101*a + 66. What is the remainder when 244 is divided by z(0)?
46
Calculate the remainder when -4 - (287/(-2) - 24/(-16)) is divided by 10.
8
Let b(d) = 3*d**2 + 3*d - 3. Suppose 1870 = -k + 1874. Calculate the remainder when b(-3) is divided by k.
3
Let z = -53 - -65. Suppose 3*u - z = -3*s, 0*s + 2*s = 5*u + 29. Calculate the remainder when 48 is divided by s.
6
Let s = 28 - 11. What is the remainder when 32 is divided by s + -1 + (2 - 1)?
15
Calculate the remainder when (753*-1)/(76/(-8) - -8) is divided by 18.
16
Let y be ((-8)/24)/(1/(-9)). Suppose 4*l = 2*x - 16, 0*x - y*x - 3*l = 3. Let g(h) = -h**3 + 3*h**2 - h + 1. Calculate the remainder when g(x) is divided by 2.
1
Suppose -2*b - 5*k = -28, b - 4*k = -9*k + 19. Let q = 8 + -4. What is the remainder when b is divided by q?
1
Suppose 0 = -6*b + 2047 + 899. What is the remainder when b is divided by 12?
11
Suppose 142*p - 144*p = -28. Calculate the remainder when 95 is divided by p.
11
Let i(h) = 65*h + 7358. Calculate the remainder when 1/(-3) + (-380)/(-6) is divided by i(-113).
11
Suppose -r - 2*u = 3 + 5, -3*r + 3*u = -12. Let h(b) = -b**3 - b**2 + b + 19. Calculate the remainder when 73 is divided by h(r).
16
Let j = -43 - -34. What is the